ivisor of f and 20?
20
Let h = 22 - -1. What is the greatest common factor of h and 115?
23
Let b(y) = y**3 + 2*y + 66. Let u be b(0). Suppose 0 = 5*x - 10*x - 20, 3*o - 3*x - 144 = 0. Calculate the greatest common divisor of o and u.
22
Let k = 106 + -86. Calculate the highest common factor of 20 and k.
20
Let h = 238 + -84. Calculate the greatest common factor of 14 and h.
14
Suppose k - 3*k + 30 = 0. Let j = 15 + -5. Calculate the greatest common factor of j and k.
5
Suppose 3*p = p - 4*k + 16, 4*p = 4*k + 8. Let z(d) = 14*d - 8. Let n be z(p). What is the highest common factor of 32 and n?
16
Suppose -5*g + 3*g + 28 = 0. Calculate the greatest common factor of 42 and g.
14
Let o be (308/10)/((-4)/20). Let x = -110 - o. Suppose -3*f = -100 - x. What is the greatest common divisor of f and 8?
8
Let l be 6/4 - (-435)/10. Calculate the highest common factor of l and 15.
15
Let a(n) = n**3 - 2*n**2 - 2*n + 2. Suppose 3*p - 2*p + 3*d + 12 = 0, -3*p = 4*d + 11. Let k be a(p). Calculate the highest common factor of 20 and k.
5
Let g = 6 + -6. Suppose -m + g*m = -7. Calculate the greatest common divisor of m and 56.
7
Let z = -11 + 16. Suppose -4*m = -5*y + 38, -5*m = -2*y + y - z. Calculate the greatest common divisor of y and 70.
10
Suppose -5*t = -3*o + 15, -2*t + 4*o - 10 = 3*t. Let d = 10 + t. What is the greatest common factor of 36 and d?
4
Let h = 12 - 9. Suppose -58 = -3*r + l, l + 5 = -h*r + 55. Calculate the highest common factor of r and 6.
6
Suppose z + 0*z - 123 = 0. Suppose -a + z = -0*a. Let v = a - 73. Calculate the greatest common factor of 20 and v.
10
Let h be -1 + 134/(2 + 0). Suppose -5 = 5*j, 0 = 3*t + 5*j + h - 457. What is the highest common divisor of t and 12?
12
Suppose f - b = 11, 25 = 3*f + b - 0*b. Let s = -5 + f. Calculate the greatest common factor of 1 and s.
1
Suppose -r - 4*m = -23, -5*r - m + 0*m + 20 = 0. Calculate the greatest common divisor of r and 3.
3
Let p = 16 - 7. Calculate the greatest common divisor of 18 and p.
9
Let n be 22/6 + (-30)/45. Suppose 2*k + 5*b - 14 = 0, -b = -n*k + 20 + 18. Suppose -20 = 3*g - 8*g. What is the greatest common factor of k and g?
4
Let m be 6 - 6*3/6. Suppose r = -m*r + 20. Suppose -x = 4*x + r*g - 120, 2*g = 4*x - 66. What is the highest common factor of x and 209?
19
Let g = -56 + 60. Let a(v) = 9*v**2 - 2*v. Let y be a(2). Suppose -3*j = -2*h + j + 20, -4*j = -4*h + y. Calculate the highest common factor of h and g.
2
Let t(x) = 17*x**2 + 1. Suppose -a = -4*q + 7, 3*q = 4*a + 5 - 3. Let b be t(a). Calculate the greatest common divisor of 72 and b.
18
Let u = -144 - -430. What is the greatest common factor of 26 and u?
26
Suppose 27 = 4*f - 77. Calculate the greatest common divisor of 13 and f.
13
Let r = 14 + 2. Calculate the highest common divisor of 8 and r.
8
Let r = 54 + -7. Suppose 0 = -4*w + r + 85. Calculate the greatest common divisor of 22 and w.
11
Suppose -2*o + 224 = 32. Suppose -4*m + 2*t + 46 = 0, -16 = 4*m - 5*m - 4*t. Calculate the highest common divisor of o and m.
12
Suppose 0 = -a - 3 + 19. Let s(i) = 2*i**2 - 12*i - 11*i - 3 - 11 + 26*i. Let t be s(-6). What is the greatest common divisor of t and a?
8
Suppose 2*k = 5*k - 12. Suppose 0 = -5*f + 3*t + 24 + 23, -5*t = -k*f + 35. Let y = 14 + f. What is the greatest common factor of 3 and y?
3
Let x(c) = 5*c**2 + 5*c. Suppose -1 = -3*g - 13. Let w be x(g). What is the highest common factor of w and 12?
12
Let v(t) = t**2 - t - 3. Let r be v(3). Suppose 17 = -y + 3*g, -2*y + g = -r*y - 13. Let q be (-1 + y/(-3))*3. Calculate the greatest common factor of q and 1.
1
Let z be 5/(2 + 3 + 28/(-6)). Suppose r - 5*r + 60 = 0. Calculate the greatest common divisor of z and r.
15
Suppose 4*b = 6*b - 8. Suppose 0 = b*c - 0*c - 40. What is the greatest common divisor of 5 and c?
5
Let p = 0 - 10. Let w be 8/(-20) + (-244)/p. Suppose -w - 66 = -5*n. What is the highest common factor of n and 6?
6
Let a(j) = -j**2 + 6*j + 14. Let c be a(8). Let b = 87 - 53. Let g = b + c. What is the highest common divisor of g and 4?
4
Suppose 8*f - 5*f + 2*y - 666 = 0, -3*y - 651 = -3*f. What is the highest common factor of f and 20?
20
Suppose -s + 58 + 167 = 5*t, -4*s - 24 = -t. Calculate the greatest common divisor of t and 110.
22
Let g = 14 - 11. Suppose g*j - 110 = -14. Calculate the greatest common divisor of 48 and j.
16
Suppose 4*u = -0*u + 320. Let c = u + -51. Let i = 44 - c. Calculate the highest common factor of i and 10.
5
Suppose -5*s - 2*p - 1 = -31, -5*s + 3*p + 5 = 0. Let r = s + 0. What is the highest common divisor of 4 and r?
4
Let a be (-5)/(70/36)*-7. Let y be -2 + (164 - -1) + -1. What is the highest common divisor of y and a?
18
Let b be 43 - 1/(0 - 1). Suppose -3*s = -d + 26, 0 + 36 = -4*s + d. Let y = b - s. What is the greatest common divisor of 6 and y?
6
Suppose 0 = -2*g + 3*g - 198. What is the highest common factor of g and 18?
18
Let m be (-5 + 4)/((-3)/135). Calculate the greatest common factor of 18 and m.
9
Suppose -3*g + 6*g = 0. Suppose -240 = -g*o - 2*o. Suppose -4*h = -0*h - o. What is the greatest common divisor of h and 10?
10
Suppose 4*j = 2*x + 24, 2*j + 3*x - 16 = 2*x. Let v = j - 5. Suppose 0 = -5*a + a + z + 70, 34 = v*a - z. Calculate the greatest common divisor of 27 and a.
9
Suppose -d - 15 = -4*v, -3*v + v - 4*d = -12. Calculate the greatest common factor of 8 and v.
4
Suppose 0 = -5*a - t - 4*t + 60, -t - 72 = -5*a. Let g(b) = -b**2 - b + 2. Let s be g(0). Calculate the greatest common factor of s and a.
2
Let u be 2*(-3)/(-3)*32. Suppose 3*v = -16 + u. Calculate the highest common divisor of v and 128.
16
Let p be 2 + (2 - (-5 + 2)). Suppose -p = 5*w - 72. Let y(n) = 16*n - 8. Let i be y(7). What is the greatest common divisor of w and i?
13
Suppose -5*u + 2*j + 2 = -2, -1 = 4*u - 3*j. Calculate the highest common divisor of u and 5.
1
Suppose 3*k = 2*u + 26, 2*u - 45 = -5*k + 7*u. Suppose -3*s - 1725 = -k*s. Let f be (-3)/2 - s/(-6). Calculate the highest common factor of f and 14.
14
Suppose 3*s + 1227 = -4*g, -4*g - 4*s = -g + 922. Let x be 3/(-1)*g/27. Calculate the greatest common divisor of x and 17.
17
Let l = -2 + 2. Suppose -2*a + 4 = y - 2, -10 = -3*a - y. Suppose -a*o + 5 - 1 = l. Calculate the highest common factor of o and 5.
1
Let i(g) be the third derivative of -3*g**4/8 - 4*g**3/3 - 3*g**2. Let v be i(-7). What is the highest common factor of v and 5?
5
Suppose -4*f + 3*t = -239, 3*f + f - 2*t - 234 = 0. Let a = f - 35. What is the greatest common factor of 14 and a?
7
Let d(k) = 8*k. Let r be d(3). Let f = -1 + 13. What is the greatest common divisor of f and r?
12
Let f(p) = -p. Let l be f(-3). Suppose l*b - 199 = 2*o, 2*o - 140 = -2*b + 7*o. What is the highest common factor of 13 and b?
13
Let g = -2 + 6. Suppose 3*x - g*x + 2 = 0, -3*o - 2*x + 34 = 0. What is the greatest common divisor of 4 and o?
2
Let v(d) = 3*d**2 + 9*d - 8. Let k be v(-5). What is the highest common factor of k and 2?
2
Let q be (-177)/(-7) + ((-138)/42 - -3). What is the greatest common divisor of q and 25?
25
Let h be 2/(1 - 26/30). Suppose 2*b - h = -b. What is the highest common factor of b and 40?
5
Let g be 5*34*2/20. Calculate the highest common factor of 17 and g.
17
Let h be (-42)/9*9/(-6). Let y = 8 + -4. Let o = h + y. Calculate the greatest common divisor of o and 33.
11
Let i be 3 + 1 + -6 + 18. Suppose -246 = -2*q + 2*a, q + a = -3*q + 517. What is the greatest common factor of q and i?
16
Let h be (70/(-56))/((-1)/4). What is the highest common factor of 40 and h?
5
Suppose -4*r + 2*m + 3*m = -275, -2*m = -2. What is the highest common divisor of 14 and r?
14
Suppose -10*a - 4 = -12*a. Suppose 0 = a*n - 2 - 30. Let b be (6 + -2)*(8 - 0). What is the highest common factor of n and b?
16
Suppose 0 = -r + 2 - 1. Suppose -o - 10 = -d, -2*o - r + 9 = 2*d. What is the greatest common divisor of d and 49?
7
Suppose -n + 170 = 5*o - 103, 0 = 4*n + 8. Let p(h) = -5*h - 3. Let f be p(-5). What is the highest common factor of o and f?
11
Let k be (2/6)/1*15. Suppose -k*s + 2*i = -2*s - 45, -3*i = 2*s - 17. Calculate the greatest common factor of 52 and s.
13
Let n be 1 - (-1)/(4/8). Suppose n*t = 2*t + 8. Calculate the highest common factor of 16 and t.
8
Let z be (-9)/(108/8)*